{"id":8,"date":"2019-08-20T23:46:32","date_gmt":"2019-08-20T23:46:32","guid":{"rendered":"https:\/\/brasilriodejaneiro.com\/blog\/?page_id=8"},"modified":"2019-09-22T00:54:42","modified_gmt":"2019-09-22T00:54:42","slug":"inicio","status":"publish","type":"page","link":"https:\/\/brasilriodejaneiro.com\/blog\/","title":{"rendered":"Inicio"},"content":{"rendered":"<p>Bienvenidos\u00a0 a R\u00edo de Janeiro!<\/p>\n<p>La grandeza de R\u00edo de Janeiro no solo se debe a su gran \u00e1rea geogr\u00e1fica, sino tambi\u00e9n a su naturaleza cautivadora, playas paradis\u00edacas, conocida como la ciudad maravillosa siempre con m\u00fasica y danza llena de pasi\u00f3n y color junto con la alegr\u00eda de su gente, siempre dispuesta a hacerte sentir en casa.<\/p>\n<p>Aventura, historia y placer se pueden encontrar en R\u00edo de Janeiro.<\/p>\n<p>Brasil es un pa\u00eds multi\u00e9tnico lleno de historia, cultura, felicidad y color; R\u00edo de Janeiro es la joya del Pa\u00eds!<\/p>\n<p>Conozca el Cristo Redentor en R\u00edo de Janeiro, sobrevuele R\u00edo en helic\u00f3ptero o disfrute de sus playas maravillosas.<\/p>\n<p>En <a href=\"https:\/\/brasilriodejaneiro.com\" target=\"_blank\" rel=\"noopener noreferrer\">R\u00edo de Janeiro Tours<\/a> nos aseguramos de que haya diversas actividades especialmente adaptadas a sus necesidades.<\/p>\n<p>Desde recorridos\u00a0 hasta turismo de aventura seg\u00fan sea su estad\u00eda en R\u00edo de Janeiro.<\/p>\n<p>\u00a1Reserva ahora y disfruta de R\u00edo de Janeiro!<\/p>\n","protected":false},"excerpt":{"rendered":"<p>Bienvenidos\u00a0 a R\u00edo de Janeiro! La grandeza de R\u00edo de Janeiro no solo se debe a su gran \u00e1rea geogr\u00e1fica, sino tambi\u00e9n a su naturaleza cautivadora, playas paradis\u00edacas, conocida como la ciudad maravillosa siempre con m\u00fasica y danza llena de pasi\u00f3n y color junto con la alegr\u00eda de su gente, siempre dispuesta a hacerte sentir &hellip; <a href=\"https:\/\/brasilriodejaneiro.com\/blog\/\" class=\"more-link\">Continuar leyendo<span class=\"screen-reader-text\"> &#8220;Inicio&#8221;<\/span><\/a><\/p>\n","protected":false},"author":1,"featured_media":0,"parent":0,"menu_order":0,"comment_status":"closed","ping_status":"closed","template":"","meta":{"footnotes":""},"class_list":["post-8","page","type-page","status-publish","hentry"],"_links":{"self":[{"href":"https:\/\/brasilriodejaneiro.com\/blog\/wp-json\/wp\/v2\/pages\/8","targetHints":{"allow":["GET"]}}],"collection":[{"href":"https:\/\/brasilriodejaneiro.com\/blog\/wp-json\/wp\/v2\/pages"}],"about":[{"href":"https:\/\/brasilriodejaneiro.com\/blog\/wp-json\/wp\/v2\/types\/page"}],"author":[{"embeddable":true,"href":"https:\/\/brasilriodejaneiro.com\/blog\/wp-json\/wp\/v2\/users\/1"}],"replies":[{"embeddable":true,"href":"https:\/\/brasilriodejaneiro.com\/blog\/wp-json\/wp\/v2\/comments?post=8"}],"version-history":[{"count":6,"href":"https:\/\/brasilriodejaneiro.com\/blog\/wp-json\/wp\/v2\/pages\/8\/revisions"}],"predecessor-version":[{"id":144,"href":"https:\/\/brasilriodejaneiro.com\/blog\/wp-json\/wp\/v2\/pages\/8\/revisions\/144"}],"wp:attachment":[{"href":"https:\/\/brasilriodejaneiro.com\/blog\/wp-json\/wp\/v2\/media?parent=8"}],"curies":[{"name":"wp","href":"https:\/\/api.w.org\/{rel}","templated":true}]}}