{"id":151,"date":"2019-11-09T03:50:38","date_gmt":"2019-11-09T03:50:38","guid":{"rendered":"https:\/\/brasilriodejaneiro.com\/blog\/?page_id=151"},"modified":"2021-11-19T07:43:08","modified_gmt":"2021-11-19T07:43:08","slug":"que-hacer-en-rio-de-janeiro","status":"publish","type":"page","link":"https:\/\/brasilriodejaneiro.com\/blog\/que-hacer-en-rio-de-janeiro\/","title":{"rendered":"Qu\u00e9 hacer en R\u00edo de Janeiro"},"content":{"rendered":"\n<figure class=\"wp-block-embed is-type-wp-embed is-provider-tours-brasil-rio-de-janeiro wp-block-embed-tours-brasil-rio-de-janeiro\"><div class=\"wp-block-embed__wrapper\">\n<blockquote class=\"wp-embedded-content\" data-secret=\"UZwyzKvOdp\"><a href=\"https:\/\/brasilriodejaneiro.com\/blog\/garota-de-ipanema\/\">GAROTA DE IPANEMA<\/a><\/blockquote><iframe loading=\"lazy\" class=\"wp-embedded-content\" sandbox=\"allow-scripts\" security=\"restricted\" style=\"position: absolute; clip: rect(1px, 1px, 1px, 1px);\" title=\"&#8220;GAROTA DE IPANEMA&#8221; &#8212; Tours Brasil Rio de Janeiro\" src=\"https:\/\/brasilriodejaneiro.com\/blog\/garota-de-ipanema\/embed\/#?secret=UZwyzKvOdp\" data-secret=\"UZwyzKvOdp\" width=\"600\" height=\"338\" frameborder=\"0\" marginwidth=\"0\" marginheight=\"0\" scrolling=\"no\"><\/iframe>\n<\/div><\/figure>\n\n\n\n<figure class=\"wp-block-embed-wordpress wp-block-embed is-type-wp-embed is-provider-tours-brasil-rio-de-janeiro\"><div class=\"wp-block-embed__wrapper\">\n<blockquote class=\"wp-embedded-content\" data-secret=\"Q7FLItDqOB\"><a href=\"https:\/\/brasilriodejaneiro.com\/blog\/rio-star-rueda-gigante-de-rio-de-janeiro\/\">RIO STAR RUEDA GIGANTE DE RIO DE JANEIRO<\/a><\/blockquote><iframe loading=\"lazy\" class=\"wp-embedded-content\" sandbox=\"allow-scripts\" security=\"restricted\" style=\"position: absolute; clip: rect(1px, 1px, 1px, 1px);\" title=\"&#8220;RIO STAR RUEDA GIGANTE DE RIO DE JANEIRO&#8221; &#8212; Tours Brasil Rio de Janeiro\" src=\"https:\/\/brasilriodejaneiro.com\/blog\/rio-star-rueda-gigante-de-rio-de-janeiro\/embed\/#?secret=Q7FLItDqOB\" data-secret=\"Q7FLItDqOB\" width=\"600\" height=\"338\" frameborder=\"0\" marginwidth=\"0\" marginheight=\"0\" scrolling=\"no\"><\/iframe>\n<\/div><\/figure>\n\n\n\n<figure class=\"wp-block-embed-wordpress wp-block-embed is-type-wp-embed is-provider-tours-brasil-rio-de-janeiro\"><div class=\"wp-block-embed__wrapper\">\n<blockquote class=\"wp-embedded-content\" data-secret=\"C4RJHnXTvr\"><a href=\"https:\/\/brasilriodejaneiro.com\/blog\/escaleras-de-selaron\/\">ESCALERAS DE SELAR\u00d3N<\/a><\/blockquote><iframe loading=\"lazy\" class=\"wp-embedded-content\" sandbox=\"allow-scripts\" security=\"restricted\" style=\"position: absolute; clip: rect(1px, 1px, 1px, 1px);\" title=\"&#8220;ESCALERAS DE SELAR\u00d3N&#8221; &#8212; Tours Brasil Rio de Janeiro\" src=\"https:\/\/brasilriodejaneiro.com\/blog\/escaleras-de-selaron\/embed\/#?secret=C4RJHnXTvr\" data-secret=\"C4RJHnXTvr\" width=\"600\" height=\"338\" frameborder=\"0\" marginwidth=\"0\" marginheight=\"0\" scrolling=\"no\"><\/iframe>\n<\/div><\/figure>\n\n\n\n<figure class=\"wp-block-embed-wordpress wp-block-embed is-type-wp-embed is-provider-tours-brasil-rio-de-janeiro\"><div class=\"wp-block-embed__wrapper\">\n<blockquote class=\"wp-embedded-content\" data-secret=\"xMo6ontdlg\"><a href=\"https:\/\/brasilriodejaneiro.com\/blog\/quinta-da-boa-vista\/\">QUINTA DA BOA VISTA<\/a><\/blockquote><iframe loading=\"lazy\" class=\"wp-embedded-content\" sandbox=\"allow-scripts\" security=\"restricted\" style=\"position: absolute; clip: rect(1px, 1px, 1px, 1px);\" title=\"&#8220;QUINTA DA BOA VISTA&#8221; &#8212; Tours Brasil Rio de Janeiro\" src=\"https:\/\/brasilriodejaneiro.com\/blog\/quinta-da-boa-vista\/embed\/#?secret=xMo6ontdlg\" data-secret=\"xMo6ontdlg\" width=\"600\" height=\"338\" frameborder=\"0\" marginwidth=\"0\" marginheight=\"0\" scrolling=\"no\"><\/iframe>\n<\/div><\/figure>\n\n\n\n<figure class=\"wp-block-embed-wordpress wp-block-embed is-type-wp-embed is-provider-tours-brasil-rio-de-janeiro\"><div class=\"wp-block-embed__wrapper\">\n<blockquote class=\"wp-embedded-content\" data-secret=\"FZK4KNAbob\"><a href=\"https:\/\/brasilriodejaneiro.com\/blog\/rock-in-rio\/\">ROCK IN RIO, EL FESTIVAL DE M\u00daSICA MAS IMPONENTE DEL MUNDO<\/a><\/blockquote><iframe loading=\"lazy\" class=\"wp-embedded-content\" sandbox=\"allow-scripts\" security=\"restricted\" style=\"position: absolute; clip: rect(1px, 1px, 1px, 1px);\" title=\"&#8220;ROCK IN RIO, EL FESTIVAL DE M\u00daSICA MAS IMPONENTE DEL MUNDO&#8221; &#8212; Tours Brasil Rio de Janeiro\" src=\"https:\/\/brasilriodejaneiro.com\/blog\/rock-in-rio\/embed\/#?secret=FZK4KNAbob\" data-secret=\"FZK4KNAbob\" width=\"600\" height=\"338\" frameborder=\"0\" marginwidth=\"0\" marginheight=\"0\" scrolling=\"no\"><\/iframe>\n<\/div><\/figure>\n\n\n\n<figure class=\"wp-block-embed-wordpress wp-block-embed is-type-wp-embed is-provider-tours-brasil-rio-de-janeiro\"><div class=\"wp-block-embed__wrapper\">\n<blockquote class=\"wp-embedded-content\" data-secret=\"vp3dUqgQXH\"><a href=\"https:\/\/brasilriodejaneiro.com\/blog\/jardin-botanico-de-rio-de-janeiro\/\">JARD\u00cdN BOT\u00c1NICO DE R\u00cdO DE JANEIRO<\/a><\/blockquote><iframe loading=\"lazy\" class=\"wp-embedded-content\" sandbox=\"allow-scripts\" security=\"restricted\" style=\"position: absolute; clip: rect(1px, 1px, 1px, 1px);\" title=\"&#8220;JARD\u00cdN BOT\u00c1NICO DE R\u00cdO DE JANEIRO&#8221; &#8212; Tours Brasil Rio de Janeiro\" src=\"https:\/\/brasilriodejaneiro.com\/blog\/jardin-botanico-de-rio-de-janeiro\/embed\/#?secret=vp3dUqgQXH\" data-secret=\"vp3dUqgQXH\" width=\"600\" height=\"338\" frameborder=\"0\" marginwidth=\"0\" marginheight=\"0\" scrolling=\"no\"><\/iframe>\n<\/div><\/figure>\n\n\n\n<figure class=\"wp-block-embed-wordpress wp-block-embed is-type-wp-embed is-provider-tours-brasil-rio-de-janeiro\"><div class=\"wp-block-embed__wrapper\">\n<blockquote class=\"wp-embedded-content\" data-secret=\"nA4XLCFkwL\"><a href=\"https:\/\/brasilriodejaneiro.com\/blog\/feria-hippie-de-ipanema\/\">FERIA HIPPIE DE IPANEMA<\/a><\/blockquote><iframe loading=\"lazy\" class=\"wp-embedded-content\" sandbox=\"allow-scripts\" security=\"restricted\" style=\"position: absolute; clip: rect(1px, 1px, 1px, 1px);\" title=\"&#8220;FERIA HIPPIE DE IPANEMA&#8221; &#8212; Tours Brasil Rio de Janeiro\" src=\"https:\/\/brasilriodejaneiro.com\/blog\/feria-hippie-de-ipanema\/embed\/#?secret=nA4XLCFkwL\" data-secret=\"nA4XLCFkwL\" width=\"600\" height=\"338\" frameborder=\"0\" marginwidth=\"0\" marginheight=\"0\" scrolling=\"no\"><\/iframe>\n<\/div><\/figure>\n\n\n\n<figure class=\"wp-block-embed-wordpress wp-block-embed is-type-wp-embed is-provider-tours-brasil-rio-de-janeiro\"><div class=\"wp-block-embed__wrapper\">\n<blockquote class=\"wp-embedded-content\" data-secret=\"ib8O1P5fw3\"><a href=\"https:\/\/brasilriodejaneiro.com\/blog\/bar-garota-de-ipanema\/\">BAR GAROTA DE IPANEMA<\/a><\/blockquote><iframe loading=\"lazy\" class=\"wp-embedded-content\" sandbox=\"allow-scripts\" security=\"restricted\" style=\"position: absolute; clip: rect(1px, 1px, 1px, 1px);\" title=\"&#8220;BAR GAROTA DE IPANEMA&#8221; &#8212; Tours Brasil Rio de Janeiro\" src=\"https:\/\/brasilriodejaneiro.com\/blog\/bar-garota-de-ipanema\/embed\/#?secret=ib8O1P5fw3\" data-secret=\"ib8O1P5fw3\" width=\"600\" height=\"338\" frameborder=\"0\" marginwidth=\"0\" marginheight=\"0\" scrolling=\"no\"><\/iframe>\n<\/div><\/figure>\n\n\n\n<figure class=\"wp-block-embed-wordpress wp-block-embed is-type-wp-embed is-provider-tours-brasil-rio-de-janeiro\"><div class=\"wp-block-embed__wrapper\">\n<blockquote class=\"wp-embedded-content\" data-secret=\"JY5I8ibtZq\"><a href=\"https:\/\/brasilriodejaneiro.com\/blog\/favela-rocinha\/\">FAVELA ROCINHA<\/a><\/blockquote><iframe loading=\"lazy\" class=\"wp-embedded-content\" sandbox=\"allow-scripts\" security=\"restricted\" style=\"position: absolute; clip: rect(1px, 1px, 1px, 1px);\" title=\"&#8220;FAVELA ROCINHA&#8221; &#8212; Tours Brasil Rio de Janeiro\" src=\"https:\/\/brasilriodejaneiro.com\/blog\/favela-rocinha\/embed\/#?secret=JY5I8ibtZq\" data-secret=\"JY5I8ibtZq\" width=\"600\" height=\"338\" frameborder=\"0\" marginwidth=\"0\" marginheight=\"0\" scrolling=\"no\"><\/iframe>\n<\/div><\/figure>\n\n\n\n<figure class=\"wp-block-embed-wordpress wp-block-embed is-type-wp-embed is-provider-tours-brasil-rio-de-janeiro\"><div class=\"wp-block-embed__wrapper\">\n<blockquote class=\"wp-embedded-content\" data-secret=\"Le5XTbA8p1\"><a href=\"https:\/\/brasilriodejaneiro.com\/blog\/pedra-do-sal\/\">PEDRA DO SAL<\/a><\/blockquote><iframe loading=\"lazy\" class=\"wp-embedded-content\" sandbox=\"allow-scripts\" security=\"restricted\" style=\"position: absolute; clip: rect(1px, 1px, 1px, 1px);\" title=\"&#8220;PEDRA DO SAL&#8221; &#8212; Tours Brasil Rio de Janeiro\" src=\"https:\/\/brasilriodejaneiro.com\/blog\/pedra-do-sal\/embed\/#?secret=Le5XTbA8p1\" data-secret=\"Le5XTbA8p1\" width=\"600\" height=\"338\" frameborder=\"0\" marginwidth=\"0\" marginheight=\"0\" scrolling=\"no\"><\/iframe>\n<\/div><\/figure>\n\n\n\n<figure class=\"wp-block-embed-wordpress wp-block-embed is-type-wp-embed is-provider-tours-brasil-rio-de-janeiro\"><div class=\"wp-block-embed__wrapper\">\n<blockquote class=\"wp-embedded-content\" data-secret=\"zg0vYhImBZ\"><a href=\"https:\/\/brasilriodejaneiro.com\/blog\/monasterio-de-san-benito\/\">MONASTERIO DE SAN BENITO<\/a><\/blockquote><iframe loading=\"lazy\" class=\"wp-embedded-content\" sandbox=\"allow-scripts\" security=\"restricted\" style=\"position: absolute; clip: rect(1px, 1px, 1px, 1px);\" title=\"&#8220;MONASTERIO DE SAN BENITO&#8221; &#8212; Tours Brasil Rio de Janeiro\" src=\"https:\/\/brasilriodejaneiro.com\/blog\/monasterio-de-san-benito\/embed\/#?secret=zg0vYhImBZ\" data-secret=\"zg0vYhImBZ\" width=\"600\" height=\"338\" frameborder=\"0\" marginwidth=\"0\" marginheight=\"0\" scrolling=\"no\"><\/iframe>\n<\/div><\/figure>\n\n\n\n<figure class=\"wp-block-embed-wordpress wp-block-embed is-type-wp-embed is-provider-tours-brasil-rio-de-janeiro\"><div class=\"wp-block-embed__wrapper\">\n<blockquote class=\"wp-embedded-content\" data-secret=\"pHAHqRXt3d\"><a href=\"https:\/\/brasilriodejaneiro.com\/blog\/copacabana\/\">COPACABANA<\/a><\/blockquote><iframe loading=\"lazy\" class=\"wp-embedded-content\" sandbox=\"allow-scripts\" security=\"restricted\" style=\"position: absolute; clip: rect(1px, 1px, 1px, 1px);\" title=\"&#8220;COPACABANA&#8221; &#8212; Tours Brasil Rio de Janeiro\" src=\"https:\/\/brasilriodejaneiro.com\/blog\/copacabana\/embed\/#?secret=pHAHqRXt3d\" data-secret=\"pHAHqRXt3d\" width=\"600\" height=\"338\" frameborder=\"0\" marginwidth=\"0\" marginheight=\"0\" scrolling=\"no\"><\/iframe>\n<\/div><\/figure>\n\n\n\n<figure class=\"wp-block-embed-wordpress wp-block-embed is-type-wp-embed is-provider-tours-brasil-rio-de-janeiro\"><div class=\"wp-block-embed__wrapper\">\n<blockquote class=\"wp-embedded-content\" data-secret=\"WTjAfChaCd\"><a href=\"https:\/\/brasilriodejaneiro.com\/blog\/lapa\/\">LAPA<\/a><\/blockquote><iframe loading=\"lazy\" class=\"wp-embedded-content\" sandbox=\"allow-scripts\" security=\"restricted\" style=\"position: absolute; clip: rect(1px, 1px, 1px, 1px);\" title=\"&#8220;LAPA&#8221; &#8212; Tours Brasil Rio de Janeiro\" src=\"https:\/\/brasilriodejaneiro.com\/blog\/lapa\/embed\/#?secret=WTjAfChaCd\" data-secret=\"WTjAfChaCd\" width=\"600\" height=\"338\" frameborder=\"0\" marginwidth=\"0\" marginheight=\"0\" scrolling=\"no\"><\/iframe>\n<\/div><\/figure>\n\n\n\n<figure class=\"wp-block-embed-wordpress wp-block-embed is-type-wp-embed is-provider-tours-brasil-rio-de-janeiro\"><div class=\"wp-block-embed__wrapper\">\n<blockquote class=\"wp-embedded-content\" data-secret=\"OmsOkMIYJT\"><a href=\"https:\/\/brasilriodejaneiro.com\/blog\/ipanema\/\">IPANEMA<\/a><\/blockquote><iframe loading=\"lazy\" class=\"wp-embedded-content\" sandbox=\"allow-scripts\" security=\"restricted\" style=\"position: absolute; clip: rect(1px, 1px, 1px, 1px);\" title=\"&#8220;IPANEMA&#8221; &#8212; Tours Brasil Rio de Janeiro\" src=\"https:\/\/brasilriodejaneiro.com\/blog\/ipanema\/embed\/#?secret=OmsOkMIYJT\" data-secret=\"OmsOkMIYJT\" width=\"600\" height=\"338\" frameborder=\"0\" marginwidth=\"0\" marginheight=\"0\" scrolling=\"no\"><\/iframe>\n<\/div><\/figure>\n\n\n\n<figure class=\"wp-block-embed-wordpress wp-block-embed is-type-wp-embed is-provider-tours-brasil-rio-de-janeiro\"><div class=\"wp-block-embed__wrapper\">\n<blockquote class=\"wp-embedded-content\" data-secret=\"ZSyhg44gsJ\"><a href=\"https:\/\/brasilriodejaneiro.com\/blog\/santa-teresa\/\">SANTA TERESA<\/a><\/blockquote><iframe loading=\"lazy\" class=\"wp-embedded-content\" sandbox=\"allow-scripts\" security=\"restricted\" style=\"position: absolute; clip: rect(1px, 1px, 1px, 1px);\" title=\"&#8220;SANTA TERESA&#8221; &#8212; Tours Brasil Rio de Janeiro\" src=\"https:\/\/brasilriodejaneiro.com\/blog\/santa-teresa\/embed\/#?secret=ZSyhg44gsJ\" data-secret=\"ZSyhg44gsJ\" width=\"600\" height=\"338\" frameborder=\"0\" marginwidth=\"0\" marginheight=\"0\" scrolling=\"no\"><\/iframe>\n<\/div><\/figure>\n\n\n\n<figure class=\"wp-block-embed-wordpress wp-block-embed is-type-wp-embed is-provider-tours-brasil-rio-de-janeiro\"><div class=\"wp-block-embed__wrapper\">\n<blockquote class=\"wp-embedded-content\" data-secret=\"Q2POzo6XeP\"><a href=\"https:\/\/brasilriodejaneiro.com\/blog\/guia-de-lugares-turisticos-donde-te-acerca-el-metro-de-rio\/\">GUIA DE LUGARES TUR\u00cdSTICOS DONDE TE ACERCA EL METRO DE RIO<\/a><\/blockquote><iframe loading=\"lazy\" class=\"wp-embedded-content\" sandbox=\"allow-scripts\" security=\"restricted\" style=\"position: absolute; clip: rect(1px, 1px, 1px, 1px);\" title=\"&#8220;GUIA DE LUGARES TUR\u00cdSTICOS DONDE TE ACERCA EL METRO DE RIO&#8221; &#8212; Tours Brasil Rio de Janeiro\" src=\"https:\/\/brasilriodejaneiro.com\/blog\/guia-de-lugares-turisticos-donde-te-acerca-el-metro-de-rio\/embed\/#?secret=Q2POzo6XeP\" data-secret=\"Q2POzo6XeP\" width=\"600\" height=\"338\" frameborder=\"0\" marginwidth=\"0\" marginheight=\"0\" scrolling=\"no\"><\/iframe>\n<\/div><\/figure>\n","protected":false},"excerpt":{"rendered":"","protected":false},"author":1,"featured_media":0,"parent":0,"menu_order":0,"comment_status":"closed","ping_status":"closed","template":"","meta":{"footnotes":""},"class_list":["post-151","page","type-page","status-publish","hentry"],"_links":{"self":[{"href":"https:\/\/brasilriodejaneiro.com\/blog\/wp-json\/wp\/v2\/pages\/151","targetHints":{"allow":["GET"]}}],"collection":[{"href":"https:\/\/brasilriodejaneiro.com\/blog\/wp-json\/wp\/v2\/pages"}],"about":[{"href":"https:\/\/brasilriodejaneiro.com\/blog\/wp-json\/wp\/v2\/types\/page"}],"author":[{"embeddable":true,"href":"https:\/\/brasilriodejaneiro.com\/blog\/wp-json\/wp\/v2\/users\/1"}],"replies":[{"embeddable":true,"href":"https:\/\/brasilriodejaneiro.com\/blog\/wp-json\/wp\/v2\/comments?post=151"}],"version-history":[{"count":20,"href":"https:\/\/brasilriodejaneiro.com\/blog\/wp-json\/wp\/v2\/pages\/151\/revisions"}],"predecessor-version":[{"id":384,"href":"https:\/\/brasilriodejaneiro.com\/blog\/wp-json\/wp\/v2\/pages\/151\/revisions\/384"}],"wp:attachment":[{"href":"https:\/\/brasilriodejaneiro.com\/blog\/wp-json\/wp\/v2\/media?parent=151"}],"curies":[{"name":"wp","href":"https:\/\/api.w.org\/{rel}","templated":true}]}}